hen 50296 is divided by 474.
52
What is the remainder when 11679 is divided by 251?
133
What is the remainder when 3809 is divided by 26?
13
Calculate the remainder when 66033 is divided by 47.
45
What is the remainder when 37209 is divided by 98?
67
What is the remainder when 56981 is divided by 17?
14
What is the remainder when 3721 is divided by 1842?
37
What is the remainder when 3911 is divided by 3889?
22
What is the remainder when 21244 is divided by 77?
69
What is the remainder when 4322 is divided by 1071?
38
Calculate the remainder when 2339 is divided by 2115.
224
Calculate the remainder when 17618 is divided by 519.
491
What is the remainder when 3676 is divided by 84?
64
Calculate the remainder when 28763 is divided by 31.
26
What is the remainder when 10193 is divided by 862?
711
What is the remainder when 75539 is divided by 16?
3
Calculate the remainder when 24728 is divided by 217.
207
Calculate the remainder when 344 is divided by 4.
0
Calculate the remainder when 1455281 is divided by 18.
17
What is the remainder when 573 is divided by 417?
156
What is the remainder when 271142 is divided by 35?
32
What is the remainder when 4370529 is divided by 87?
84
Calculate the remainder when 1525 is divided by 191.
188
What is the remainder when 140472 is divided by 46820?
12
Calculate the remainder when 106624 is divided by 26653.
12
What is the remainder when 3173250 is divided by 93?
90
Calculate the remainder when 9710 is divided by 16.
14
Calculate the remainder when 30275 is divided by 488.
19
What is the remainder when 7225 is divided by 1712?
377
What is the remainder when 992 is divided by 57?
23
Calculate the remainder when 27071 is divided by 361.
357
Calculate the remainder when 117 is divided by 42.
33
What is the remainder when 1523 is divided by 455?
158
What is the remainder when 1257 is divided by 604?
49
What is the remainder when 52804 is divided by 78?
76
Calculate the remainder when 334080 is divided by 40.
0
What is the remainder when 252699 is divided by 95?
94
Calculate the remainder when 4229 is divided by 25.
4
What is the remainder when 6905283 is divided by 38?
37
Calculate the remainder when 625 is divided by 536.
89
Calculate the remainder when 6697 is divided by 257.
15
Calculate the remainder when 46123 is divided by 372.
367
What is the remainder when 418 is divided by 43?
31
What is the remainder when 948 is divided by 345?
258
What is the remainder when 5669 is divided by 48?
5
What is the remainder when 509 is divided by 442?
67
Calculate the remainder when 404 is divided by 3.
2
Calculate the remainder when 50907 is divided by 40.
27
Calculate the remainder when 2050 is divided by 158.
154
Calculate the remainder when 9545 is divided by 310.
245
Calculate the remainder when 92023 is divided by 76.
63
Calculate the remainder when 127600 is divided by 8506.
10
Calculate the remainder when 12295 is divided by 12196.
99
Calculate the remainder when 34130 is divided by 46.
44
Calculate the remainder when 1635 is divided by 400.
35
What is the remainder when 6751 is divided by 3367?
17
What is the remainder when 1237 is divided by 1?
0
Calculate the remainder when 2416 is divided by 1201.
14
Calculate the remainder when 5949 is divided by 281.
48
Calculate the remainder when 337052 is divided by 33.
23
What is the remainder when 1534 is divided by 504?
22
Calculate the remainder when 177690 is divided by 2867.
2803
Calculate the remainder when 8381 is divided by 19.
2
Calculate the remainder when 23151 is divided by 481.
63
What is the remainder when 2007 is divided by 928?
151
Calculate the remainder when 1387 is divided by 666.
55
Calculate the remainder when 8510 is divided by 55.
40
What is the remainder when 15327 is divided by 15202?
125
What is the remainder when 17421 is divided by 619?
89
Calculate the remainder when 12223 is divided by 1109.
24
What is the remainder when 22577 is divided by 22567?
10
What is the remainder when 1081 is divided by 29?
8
What is the remainder when 278198 is divided by 69547?
10
What is the remainder when 66058 is divided by 28?
6
Calculate the remainder when 61598 is divided by 12318.
8
Calculate the remainder when 16906 is divided by 92.
70
Calculate the remainder when 107157 is divided by 15.
12
What is the remainder when 20203 is divided by 838?
91
Calculate the remainder when 174934 is divided by 469.
466
Calculate the remainder when 1227 is divided by 101.
15
Calculate the remainder when 11536 is divided by 5762.
12
What is the remainder when 146602 is divided by 36648?
10
Calculate the remainder when 256516 is divided by 121.
117
What is the remainder when 572578 is divided by 47714?
10
What is the remainder when 6189 is divided by 25?
14
What is the remainder when 72943 is divided by 137?
59
Calculate the remainder when 2233 is divided by 47.
24
Calculate the remainder when 100338 is divided by 69.
12
Calculate the remainder when 59505 is divided by 19556.
837
What is the remainder when 37373 is divided by 70?
63
Calculate the remainder when 1943629 is divided by 8.
5
What is the remainder when 5809 is divided by 97?
86
Calculate the remainder when 45815 is divided by 384.
119
Calculate the remainder when 1002 is divided by 477.
48
What is the remainder when 115355 is divided by 12?
11
Calculate the remainder when 795757 is divided by 51.
4
Calculate the remainder when 11476 is divided by 1149.
1135
Calculate the remainder when 238142 is divided by 289.
6
What is the remainder when 1568 is divided by 656?
256
Calculate the remainder when 12799 is divided by 12597.
202
Calculate the remainder when 731 is divided by 219.
74
Calculate the remainder when 60382 is divided by 24.
22
What is the remainder when 43399 is divided by 56?
55
Calculate the remainder when 16919 is divided by 10.
9
Calculate the remainder when 13817 is divided by 6896.
25
Calculate the remainder when 9503 is divided by 264.
263
Calculate the remainder when 18317 is divided by 733.
725
What is the remainder when 39130 is divided by 331?
72
Calculate the remainder when 47035 is divided by 87.
55
Calculate the remainder when 8483 is divided by 386.
377
What is the remainder when 178834 is divided by 246?
238
What is the remainder when 524001 is divided by 711?
705
What is the remainder when 18582 is divided by 489?
0
Calculate the remainder when 10798 is divided by 45.
43
What is the remainder when 16598 is divided by 10?
8
What is the remainder when 2282 is divided by 415?
207
Calculate the remainder when 3826 is divided by 468.
82
What is the remainder when 13327 is divided by 4426?
49
What is the remainder when 92553 is divided by 535?
533
What is the remainder when 12427 is divided by 31?
27
Calculate the remainder when 39894 is divided by 140.
134
What is the remainder when 91172 is divided by 18224?
52
Calculate the remainder when 12844 is divided by 3949.
997
Calculate the remainder when 230 is divided by 111.
8
What is the remainder when 11531 is divided by 111?
98
What is the remainder when 12127 is divided by 133?
24
Calculate the remainder when 40685 is divided by 65.
60
What is the remainder when 395802 is divided by 199?
190
What is the remainder when 334 is divided by 223?
111
Calculate the remainder when 13371 is divided by 4365.
276
Calculate the remainder when 6334 is divided by 381.
238
Calculate the remainder when 915829 is divided by 4403.
5
Calculate the remainder when 538144 is divided by 16817.
0
What is the remainder when 49662 is divided by 2921?
5
Calculate the remainder when 21715 is divided by 217.
15
What is the remainder when 11595 is divided by 726?
705
What is the remainder when 8731 is divided by 2147?
143
What is the remainder when 2488 is divided by 20?
8
Calculate the remainder when 1076127 is divided by 8.
7
Calculate the remainder when 114679 is divided by 61.
60
What is the remainder when 862 is divided by 60?
22
What is the remainder when 7629 is divided by 106?
103
Calculate the remainder when 18561 is divided by 34.
31
What is the remainder when 332745 is divided by 108?
105
Calculate the remainder when 204365 is divided by 22706.
11
What is the remainder when 14889 is divided by 5?
4
What is the remainder when 297296 is divided by 100?
96
What 